{"id":1856,"date":"2022-10-17T09:32:44","date_gmt":"2022-10-17T09:32:44","guid":{"rendered":"https:\/\/carmenrebolledo.com\/?page_id=1856"},"modified":"2022-10-17T09:36:23","modified_gmt":"2022-10-17T09:36:23","slug":"afrique-des-routes","status":"publish","type":"page","link":"https:\/\/carmenrebolledo.com\/?page_id=1856","title":{"rendered":"Afrique des routes"},"content":{"rendered":"\t\t<div data-elementor-type=\"wp-page\" data-elementor-id=\"1856\" class=\"elementor elementor-1856\">\n\t\t\t\t\t\t\t\t\t<section class=\"elementor-section elementor-top-section elementor-element elementor-element-30a6a0f elementor-section-boxed elementor-section-height-default elementor-section-height-default\" data-id=\"30a6a0f\" data-element_type=\"section\">\n\t\t\t\t\t\t<div class=\"elementor-container elementor-column-gap-default\">\n\t\t\t\t\t<div class=\"elementor-column elementor-col-100 elementor-top-column elementor-element elementor-element-8dcba7c\" data-id=\"8dcba7c\" data-element_type=\"column\">\n\t\t\t<div class=\"elementor-widget-wrap elementor-element-populated\">\n\t\t\t\t\t\t\t\t<div class=\"elementor-element elementor-element-8e9faf7 elementor-widget elementor-widget-heading\" data-id=\"8e9faf7\" data-element_type=\"widget\" data-widget_type=\"heading.default\">\n\t\t\t\t<div class=\"elementor-widget-container\">\n\t\t\t<style>\/*! elementor - v3.7.8 - 02-10-2022 *\/\n.elementor-heading-title{padding:0;margin:0;line-height:1}.elementor-widget-heading .elementor-heading-title[class*=elementor-size-]>a{color:inherit;font-size:inherit;line-height:inherit}.elementor-widget-heading .elementor-heading-title.elementor-size-small{font-size:15px}.elementor-widget-heading .elementor-heading-title.elementor-size-medium{font-size:19px}.elementor-widget-heading .elementor-heading-title.elementor-size-large{font-size:29px}.elementor-widget-heading .elementor-heading-title.elementor-size-xl{font-size:39px}.elementor-widget-heading .elementor-heading-title.elementor-size-xxl{font-size:59px}<\/style><h2 class=\"elementor-heading-title elementor-size-default\">Multim\u00e9dias - Afrique des routes<\/h2>\t\t<\/div>\n\t\t\t\t<\/div>\n\t\t\t\t<div class=\"elementor-element elementor-element-22a37e4 elementor-widget elementor-widget-image\" data-id=\"22a37e4\" data-element_type=\"widget\" data-widget_type=\"image.default\">\n\t\t\t\t<div class=\"elementor-widget-container\">\n\t\t\t<style>\/*! elementor - v3.7.8 - 02-10-2022 *\/\n.elementor-widget-image{text-align:center}.elementor-widget-image a{display:inline-block}.elementor-widget-image a img[src$=\".svg\"]{width:48px}.elementor-widget-image img{vertical-align:middle;display:inline-block}<\/style>\t\t\t\t\t\t\t\t\t\t\t\t<img width=\"1024\" height=\"700\" src=\"https:\/\/carmenrebolledo.com\/wp-content\/uploads\/2022\/10\/IMG-20181108-WA0000-1024x700.jpg\" class=\"attachment-perfect-portfolio-fullwidth size-perfect-portfolio-fullwidth\" alt=\"\" loading=\"lazy\" srcset=\"https:\/\/carmenrebolledo.com\/wp-content\/uploads\/2022\/10\/IMG-20181108-WA0000-1024x700.jpg 1024w, https:\/\/carmenrebolledo.com\/wp-content\/uploads\/2022\/10\/IMG-20181108-WA0000-367x252.jpg 367w\" sizes=\"(max-width: 1024px) 100vw, 1024px\" \/>\t\t\t\t\t\t\t\t\t\t\t\t\t\t\t<\/div>\n\t\t\t\t<\/div>\n\t\t\t\t\t<\/div>\n\t\t<\/div>\n\t\t\t\t\t\t\t<\/div>\n\t\t<\/section>\n\t\t\t\t<section class=\"elementor-section elementor-top-section elementor-element elementor-element-d13a2b8 elementor-section-boxed elementor-section-height-default elementor-section-height-default\" data-id=\"d13a2b8\" data-element_type=\"section\">\n\t\t\t\t\t\t<div class=\"elementor-container elementor-column-gap-default\">\n\t\t\t\t\t<div class=\"elementor-column elementor-col-50 elementor-top-column elementor-element elementor-element-98fd754\" data-id=\"98fd754\" data-element_type=\"column\">\n\t\t\t<div class=\"elementor-widget-wrap elementor-element-populated\">\n\t\t\t\t\t\t\t\t<div class=\"elementor-element elementor-element-f322891 elementor-widget elementor-widget-heading\" data-id=\"f322891\" data-element_type=\"widget\" data-widget_type=\"heading.default\">\n\t\t\t\t<div class=\"elementor-widget-container\">\n\t\t\t<h3 class=\"elementor-heading-title elementor-size-default\">Le projet<\/h3>\t\t<\/div>\n\t\t\t\t<\/div>\n\t\t\t\t<div class=\"elementor-element elementor-element-0e5af21 elementor-widget elementor-widget-text-editor\" data-id=\"0e5af21\" data-element_type=\"widget\" data-widget_type=\"text-editor.default\">\n\t\t\t\t<div class=\"elementor-widget-container\">\n\t\t\t<style>\/*! elementor - v3.7.8 - 02-10-2022 *\/\n.elementor-widget-text-editor.elementor-drop-cap-view-stacked .elementor-drop-cap{background-color:#818a91;color:#fff}.elementor-widget-text-editor.elementor-drop-cap-view-framed .elementor-drop-cap{color:#818a91;border:3px solid;background-color:transparent}.elementor-widget-text-editor:not(.elementor-drop-cap-view-default) .elementor-drop-cap{margin-top:8px}.elementor-widget-text-editor:not(.elementor-drop-cap-view-default) .elementor-drop-cap-letter{width:1em;height:1em}.elementor-widget-text-editor .elementor-drop-cap{float:left;text-align:center;line-height:1;font-size:50px}.elementor-widget-text-editor .elementor-drop-cap-letter{display:inline-block}<\/style>\t\t\t\t<p>Dans le cadre de l&#8217;exposition l&#8217;Afrique des Routes au Quai Branly, j&#8217;ai travaill\u00e9 sur une s\u00e9rie d&#8217;audiovisuels et de cartes anim\u00e9es interactives servant de supports de m\u00e9diation sur divers sujets (cultures, colonisations, g\u00e9ographies&#8230;)<\/p><p>Trois cartes anim\u00e9es construites \u00e0 partir de donn\u00e9es scientifiques fournies par le mus\u00e9e, un audiovisuel de 20 minutes et deux autres supports audiovisuels pour l&#8217;exposition ont \u00e9t\u00e9 r\u00e9alis\u00e9s.<\/p><p>\u00a0<\/p>\t\t\t\t\t\t<\/div>\n\t\t\t\t<\/div>\n\t\t\t\t\t<\/div>\n\t\t<\/div>\n\t\t\t\t<div class=\"elementor-column elementor-col-50 elementor-top-column elementor-element elementor-element-68b91e9\" data-id=\"68b91e9\" data-element_type=\"column\">\n\t\t\t<div class=\"elementor-widget-wrap elementor-element-populated\">\n\t\t\t\t\t\t\t\t<div class=\"elementor-element elementor-element-4972a65 elementor-widget elementor-widget-image\" data-id=\"4972a65\" data-element_type=\"widget\" data-widget_type=\"image.default\">\n\t\t\t\t<div class=\"elementor-widget-container\">\n\t\t\t\t\t\t\t\t\t\t\t\t\t\t\t<img width=\"750\" height=\"1000\" src=\"https:\/\/carmenrebolledo.com\/wp-content\/uploads\/2022\/10\/IMG-20181108-WA0005.jpg\" class=\"attachment-large size-large\" alt=\"\" loading=\"lazy\" srcset=\"https:\/\/carmenrebolledo.com\/wp-content\/uploads\/2022\/10\/IMG-20181108-WA0005.jpg 768w, https:\/\/carmenrebolledo.com\/wp-content\/uploads\/2022\/10\/IMG-20181108-WA0005-225x300.jpg 225w, https:\/\/carmenrebolledo.com\/wp-content\/uploads\/2022\/10\/IMG-20181108-WA0005-45x60.jpg 45w\" sizes=\"(max-width: 750px) 100vw, 750px\" \/>\t\t\t\t\t\t\t\t\t\t\t\t\t\t\t<\/div>\n\t\t\t\t<\/div>\n\t\t\t\t\t<\/div>\n\t\t<\/div>\n\t\t\t\t\t\t\t<\/div>\n\t\t<\/section>\n\t\t\t\t<section class=\"elementor-section elementor-top-section elementor-element elementor-element-ab4f033 elementor-section-boxed elementor-section-height-default elementor-section-height-default\" data-id=\"ab4f033\" data-element_type=\"section\">\n\t\t\t\t\t\t<div class=\"elementor-container elementor-column-gap-default\">\n\t\t\t\t\t<div class=\"elementor-column elementor-col-100 elementor-top-column elementor-element elementor-element-32820a6\" data-id=\"32820a6\" data-element_type=\"column\">\n\t\t\t<div class=\"elementor-widget-wrap elementor-element-populated\">\n\t\t\t\t\t\t\t\t<div class=\"elementor-element elementor-element-a8b6b6f elementor-widget elementor-widget-heading\" data-id=\"a8b6b6f\" data-element_type=\"widget\" data-widget_type=\"heading.default\">\n\t\t\t\t<div class=\"elementor-widget-container\">\n\t\t\t<h3 class=\"elementor-heading-title elementor-size-default\">Cartes interactives<\/h3>\t\t<\/div>\n\t\t\t\t<\/div>\n\t\t\t\t<section class=\"elementor-section elementor-inner-section elementor-element elementor-element-4ab11b2 elementor-section-boxed elementor-section-height-default elementor-section-height-default\" data-id=\"4ab11b2\" data-element_type=\"section\">\n\t\t\t\t\t\t<div class=\"elementor-container elementor-column-gap-default\">\n\t\t\t\t\t<div class=\"elementor-column elementor-col-33 elementor-inner-column elementor-element elementor-element-1a6fe10\" data-id=\"1a6fe10\" data-element_type=\"column\">\n\t\t\t<div class=\"elementor-widget-wrap elementor-element-populated\">\n\t\t\t\t\t\t\t\t<div class=\"elementor-element elementor-element-63ed681 elementor-widget elementor-widget-text-editor\" data-id=\"63ed681\" data-element_type=\"widget\" data-widget_type=\"text-editor.default\">\n\t\t\t\t<div class=\"elementor-widget-container\">\n\t\t\t\t\t\t\t<p>3 th\u00e9matiques abord\u00e9es :<\/p><p>&#8211; Les routes religieuses : l&#8217;expansion des diff\u00e9rentes religions monoth\u00e9istes en Afrique<\/p><p>&#8211; Les routes des empires : l&#8217;extension des diff\u00e9rents royaumes et civilisations africaines<\/p><p>&#8211; Les routes coloniales : l&#8217;arriv\u00e9e des colonisateurs europ\u00e9ens et la r\u00e9partition du continent<\/p>\t\t\t\t\t\t<\/div>\n\t\t\t\t<\/div>\n\t\t\t\t\t<\/div>\n\t\t<\/div>\n\t\t\t\t<div class=\"elementor-column elementor-col-33 elementor-inner-column elementor-element elementor-element-02de40a\" data-id=\"02de40a\" data-element_type=\"column\">\n\t\t\t<div class=\"elementor-widget-wrap elementor-element-populated\">\n\t\t\t\t\t\t\t\t<div class=\"elementor-element elementor-element-5af9ae2 elementor-widget elementor-widget-text-editor\" data-id=\"5af9ae2\" data-element_type=\"widget\" data-widget_type=\"text-editor.default\">\n\t\t\t\t<div class=\"elementor-widget-container\">\n\t\t\t\t\t\t\t<p>Nous avons propos\u00e9 un dispositif interactif permettant au visiteur de faire avancer ou reculer le temps sur la carte gr\u00e2ce \u00e0 un bouton rotatif.\u00a0<\/p><p>Ceci afin de laisser le visiteur explorer les informations de la carte \u00e0 son rythme. La version non interactive a \u00e9t\u00e9 retenue.<\/p>\t\t\t\t\t\t<\/div>\n\t\t\t\t<\/div>\n\t\t\t\t\t<\/div>\n\t\t<\/div>\n\t\t\t\t<div class=\"elementor-column elementor-col-33 elementor-inner-column elementor-element elementor-element-df64a14\" data-id=\"df64a14\" data-element_type=\"column\">\n\t\t\t<div class=\"elementor-widget-wrap elementor-element-populated\">\n\t\t\t\t\t\t\t\t<div class=\"elementor-element elementor-element-8f93972 elementor-widget elementor-widget-image\" data-id=\"8f93972\" data-element_type=\"widget\" data-widget_type=\"image.default\">\n\t\t\t\t<div class=\"elementor-widget-container\">\n\t\t\t\t\t\t\t\t\t\t\t\t\t\t\t<img width=\"659\" height=\"1024\" src=\"https:\/\/carmenrebolledo.com\/wp-content\/uploads\/2022\/10\/croquis-AfriqueDesroutes-avec-molette-659x1024.jpg\" class=\"attachment-large size-large\" alt=\"\" loading=\"lazy\" srcset=\"https:\/\/carmenrebolledo.com\/wp-content\/uploads\/2022\/10\/croquis-AfriqueDesroutes-avec-molette-659x1024.jpg 659w, https:\/\/carmenrebolledo.com\/wp-content\/uploads\/2022\/10\/croquis-AfriqueDesroutes-avec-molette-193x300.jpg 193w, https:\/\/carmenrebolledo.com\/wp-content\/uploads\/2022\/10\/croquis-AfriqueDesroutes-avec-molette-768x1193.jpg 768w, https:\/\/carmenrebolledo.com\/wp-content\/uploads\/2022\/10\/croquis-AfriqueDesroutes-avec-molette-989x1536.jpg 989w, https:\/\/carmenrebolledo.com\/wp-content\/uploads\/2022\/10\/croquis-AfriqueDesroutes-avec-molette-39x60.jpg 39w, https:\/\/carmenrebolledo.com\/wp-content\/uploads\/2022\/10\/croquis-AfriqueDesroutes-avec-molette.jpg 1125w\" sizes=\"(max-width: 659px) 100vw, 659px\" \/>\t\t\t\t\t\t\t\t\t\t\t\t\t\t\t<\/div>\n\t\t\t\t<\/div>\n\t\t\t\t\t<\/div>\n\t\t<\/div>\n\t\t\t\t\t\t\t<\/div>\n\t\t<\/section>\n\t\t\t\t\t<\/div>\n\t\t<\/div>\n\t\t\t\t\t\t\t<\/div>\n\t\t<\/section>\n\t\t\t\t<section class=\"elementor-section elementor-top-section elementor-element elementor-element-43adbf1 elementor-section-boxed elementor-section-height-default elementor-section-height-default\" data-id=\"43adbf1\" data-element_type=\"section\">\n\t\t\t\t\t\t<div class=\"elementor-container elementor-column-gap-default\">\n\t\t\t\t\t<div class=\"elementor-column elementor-col-100 elementor-top-column elementor-element elementor-element-2206134\" data-id=\"2206134\" data-element_type=\"column\">\n\t\t\t<div class=\"elementor-widget-wrap elementor-element-populated\">\n\t\t\t\t\t\t\t\t\t<\/div>\n\t\t<\/div>\n\t\t\t\t\t\t\t<\/div>\n\t\t<\/section>\n\t\t\t\t<section class=\"elementor-section elementor-top-section elementor-element elementor-element-9220942 elementor-section-boxed elementor-section-height-default elementor-section-height-default\" data-id=\"9220942\" data-element_type=\"section\">\n\t\t\t\t\t\t<div class=\"elementor-container elementor-column-gap-default\">\n\t\t\t\t\t<div class=\"elementor-column elementor-col-100 elementor-top-column elementor-element elementor-element-75d8ca4\" data-id=\"75d8ca4\" data-element_type=\"column\">\n\t\t\t<div class=\"elementor-widget-wrap elementor-element-populated\">\n\t\t\t\t\t\t\t\t<div class=\"elementor-element elementor-element-5c52597 elementor-widget elementor-widget-heading\" data-id=\"5c52597\" data-element_type=\"widget\" data-widget_type=\"heading.default\">\n\t\t\t\t<div class=\"elementor-widget-container\">\n\t\t\t<h3 class=\"elementor-heading-title elementor-size-default\">Audiovisuel en triptyque<\/h3>\t\t<\/div>\n\t\t\t\t<\/div>\n\t\t\t\t<section class=\"elementor-section elementor-inner-section elementor-element elementor-element-524bd6f elementor-section-boxed elementor-section-height-default elementor-section-height-default\" data-id=\"524bd6f\" data-element_type=\"section\">\n\t\t\t\t\t\t<div class=\"elementor-container elementor-column-gap-default\">\n\t\t\t\t\t<div class=\"elementor-column elementor-col-50 elementor-inner-column elementor-element elementor-element-c958b18\" data-id=\"c958b18\" data-element_type=\"column\">\n\t\t\t<div class=\"elementor-widget-wrap elementor-element-populated\">\n\t\t\t\t\t\t\t\t<div class=\"elementor-element elementor-element-bc08e44 elementor-widget elementor-widget-text-editor\" data-id=\"bc08e44\" data-element_type=\"widget\" data-widget_type=\"text-editor.default\">\n\t\t\t\t<div class=\"elementor-widget-container\">\n\t\t\t\t\t\t\t<p>Ce film retrace l&#8217;exploration, la colonisation et les mouvements d&#8217;ind\u00e9pendance en Afrique.\u00a0<\/p><p>Il est accompagn\u00e9 d&#8217;une frise chronologique sur la gauche et d&#8217;une carte sur la droite, afin de compl\u00e9menter l&#8217;information fournie par le documentaire.<\/p>\t\t\t\t\t\t<\/div>\n\t\t\t\t<\/div>\n\t\t\t\t\t<\/div>\n\t\t<\/div>\n\t\t\t\t<div class=\"elementor-column elementor-col-50 elementor-inner-column elementor-element elementor-element-99e9e14\" data-id=\"99e9e14\" data-element_type=\"column\">\n\t\t\t<div class=\"elementor-widget-wrap elementor-element-populated\">\n\t\t\t\t\t\t\t\t<div class=\"elementor-element elementor-element-42b2a9b elementor-widget elementor-widget-image\" data-id=\"42b2a9b\" data-element_type=\"widget\" data-widget_type=\"image.default\">\n\t\t\t\t<div class=\"elementor-widget-container\">\n\t\t\t\t\t\t\t\t\t\t\t\t\t\t\t<img width=\"750\" height=\"422\" src=\"https:\/\/carmenrebolledo.com\/wp-content\/uploads\/2022\/10\/photo-sur-place.jpg\" class=\"attachment-large size-large\" alt=\"\" loading=\"lazy\" srcset=\"https:\/\/carmenrebolledo.com\/wp-content\/uploads\/2022\/10\/photo-sur-place.jpg 1018w, https:\/\/carmenrebolledo.com\/wp-content\/uploads\/2022\/10\/photo-sur-place-300x169.jpg 300w, https:\/\/carmenrebolledo.com\/wp-content\/uploads\/2022\/10\/photo-sur-place-768x432.jpg 768w, https:\/\/carmenrebolledo.com\/wp-content\/uploads\/2022\/10\/photo-sur-place-107x60.jpg 107w\" sizes=\"(max-width: 750px) 100vw, 750px\" \/>\t\t\t\t\t\t\t\t\t\t\t\t\t\t\t<\/div>\n\t\t\t\t<\/div>\n\t\t\t\t\t<\/div>\n\t\t<\/div>\n\t\t\t\t\t\t\t<\/div>\n\t\t<\/section>\n\t\t\t\t\t<\/div>\n\t\t<\/div>\n\t\t\t\t\t\t\t<\/div>\n\t\t<\/section>\n\t\t\t\t<section class=\"elementor-section elementor-top-section elementor-element elementor-element-7c088a8 elementor-section-boxed elementor-section-height-default elementor-section-height-default\" data-id=\"7c088a8\" data-element_type=\"section\">\n\t\t\t\t\t\t<div class=\"elementor-container elementor-column-gap-default\">\n\t\t\t\t\t<div class=\"elementor-column elementor-col-100 elementor-top-column elementor-element elementor-element-379a1a3\" data-id=\"379a1a3\" data-element_type=\"column\">\n\t\t\t<div class=\"elementor-widget-wrap elementor-element-populated\">\n\t\t\t\t\t\t\t\t<div class=\"elementor-element elementor-element-017f417 elementor-arrows-position-inside elementor-pagination-position-outside elementor-widget elementor-widget-image-carousel\" data-id=\"017f417\" data-element_type=\"widget\" data-settings=\"{&quot;navigation&quot;:&quot;both&quot;,&quot;autoplay&quot;:&quot;yes&quot;,&quot;pause_on_hover&quot;:&quot;yes&quot;,&quot;pause_on_interaction&quot;:&quot;yes&quot;,&quot;autoplay_speed&quot;:5000,&quot;infinite&quot;:&quot;yes&quot;,&quot;speed&quot;:500}\" data-widget_type=\"image-carousel.default\">\n\t\t\t\t<div class=\"elementor-widget-container\">\n\t\t\t<style>\/*! elementor - v3.7.8 - 02-10-2022 *\/\n.elementor-widget-image-carousel .swiper-container{position:static}.elementor-widget-image-carousel .swiper-container .swiper-slide figure{line-height:inherit}.elementor-widget-image-carousel .swiper-slide{text-align:center}.elementor-image-carousel-wrapper:not(.swiper-container-initialized) .swiper-slide{max-width:calc(100% \/ var(--e-image-carousel-slides-to-show, 3))}<\/style>\t\t<div class=\"elementor-image-carousel-wrapper swiper-container\" dir=\"ltr\">\n\t\t\t<div class=\"elementor-image-carousel swiper-wrapper\">\n\t\t\t\t\t\t\t\t<div class=\"swiper-slide\"><a data-elementor-open-lightbox=\"yes\" data-elementor-lightbox-slideshow=\"017f417\" data-elementor-lightbox-title=\"photo-sur-place3\" e-action-hash=\"#elementor-action%3Aaction%3Dlightbox%26settings%3DeyJpZCI6MTg5NCwidXJsIjoiaHR0cHM6XC9cL2Nhcm1lbnJlYm9sbGVkby5jb21cL3dwLWNvbnRlbnRcL3VwbG9hZHNcLzIwMjJcLzEwXC9waG90by1zdXItcGxhY2UzLmpwZyIsInNsaWRlc2hvdyI6IjAxN2Y0MTcifQ%3D%3D\" href=\"https:\/\/carmenrebolledo.com\/wp-content\/uploads\/2022\/10\/photo-sur-place3.jpg\"><figure class=\"swiper-slide-inner\"><img class=\"swiper-slide-image\" src=\"https:\/\/carmenrebolledo.com\/wp-content\/uploads\/2022\/10\/photo-sur-place3-330x190.jpg\" alt=\"photo-sur-place3\" \/><\/figure><\/a><\/div><div class=\"swiper-slide\"><a data-elementor-open-lightbox=\"yes\" data-elementor-lightbox-slideshow=\"017f417\" data-elementor-lightbox-title=\"photo-sur-place\" e-action-hash=\"#elementor-action%3Aaction%3Dlightbox%26settings%3DeyJpZCI6MTg2MiwidXJsIjoiaHR0cHM6XC9cL2Nhcm1lbnJlYm9sbGVkby5jb21cL3dwLWNvbnRlbnRcL3VwbG9hZHNcLzIwMjJcLzEwXC9waG90by1zdXItcGxhY2UuanBnIiwic2xpZGVzaG93IjoiMDE3ZjQxNyJ9\" href=\"https:\/\/carmenrebolledo.com\/wp-content\/uploads\/2022\/10\/photo-sur-place.jpg\"><figure class=\"swiper-slide-inner\"><img class=\"swiper-slide-image\" src=\"https:\/\/carmenrebolledo.com\/wp-content\/uploads\/2022\/10\/photo-sur-place-330x190.jpg\" alt=\"photo-sur-place\" \/><\/figure><\/a><\/div><div class=\"swiper-slide\"><a data-elementor-open-lightbox=\"yes\" data-elementor-lightbox-slideshow=\"017f417\" data-elementor-lightbox-title=\"photo-sur-place2\" e-action-hash=\"#elementor-action%3Aaction%3Dlightbox%26settings%3DeyJpZCI6MTg5MywidXJsIjoiaHR0cHM6XC9cL2Nhcm1lbnJlYm9sbGVkby5jb21cL3dwLWNvbnRlbnRcL3VwbG9hZHNcLzIwMjJcLzEwXC9waG90by1zdXItcGxhY2UyLmpwZyIsInNsaWRlc2hvdyI6IjAxN2Y0MTcifQ%3D%3D\" href=\"https:\/\/carmenrebolledo.com\/wp-content\/uploads\/2022\/10\/photo-sur-place2.jpg\"><figure class=\"swiper-slide-inner\"><img class=\"swiper-slide-image\" src=\"https:\/\/carmenrebolledo.com\/wp-content\/uploads\/2022\/10\/photo-sur-place2-330x190.jpg\" alt=\"photo-sur-place2\" \/><\/figure><\/a><\/div><div class=\"swiper-slide\"><a data-elementor-open-lightbox=\"yes\" data-elementor-lightbox-slideshow=\"017f417\" data-elementor-lightbox-title=\"MAIN (0-10-00-07)\" e-action-hash=\"#elementor-action%3Aaction%3Dlightbox%26settings%3DeyJpZCI6MTg5MCwidXJsIjoiaHR0cHM6XC9cL2Nhcm1lbnJlYm9sbGVkby5jb21cL3dwLWNvbnRlbnRcL3VwbG9hZHNcLzIwMjJcLzEwXC9NQUlOLTAtMTAtMDAtMDcuanBnIiwic2xpZGVzaG93IjoiMDE3ZjQxNyJ9\" href=\"https:\/\/carmenrebolledo.com\/wp-content\/uploads\/2022\/10\/MAIN-0-10-00-07.jpg\"><figure class=\"swiper-slide-inner\"><img class=\"swiper-slide-image\" src=\"https:\/\/carmenrebolledo.com\/wp-content\/uploads\/2022\/10\/MAIN-0-10-00-07-330x190.jpg\" alt=\"MAIN (0-10-00-07)\" \/><\/figure><\/a><\/div><div class=\"swiper-slide\"><a data-elementor-open-lightbox=\"yes\" data-elementor-lightbox-slideshow=\"017f417\" data-elementor-lightbox-title=\"MAIN (0-08-43-28)\" e-action-hash=\"#elementor-action%3Aaction%3Dlightbox%26settings%3DeyJpZCI6MTg4OSwidXJsIjoiaHR0cHM6XC9cL2Nhcm1lbnJlYm9sbGVkby5jb21cL3dwLWNvbnRlbnRcL3VwbG9hZHNcLzIwMjJcLzEwXC9NQUlOLTAtMDgtNDMtMjguanBnIiwic2xpZGVzaG93IjoiMDE3ZjQxNyJ9\" href=\"https:\/\/carmenrebolledo.com\/wp-content\/uploads\/2022\/10\/MAIN-0-08-43-28.jpg\"><figure class=\"swiper-slide-inner\"><img class=\"swiper-slide-image\" src=\"https:\/\/carmenrebolledo.com\/wp-content\/uploads\/2022\/10\/MAIN-0-08-43-28-330x190.jpg\" alt=\"MAIN (0-08-43-28)\" \/><\/figure><\/a><\/div><div class=\"swiper-slide\"><a data-elementor-open-lightbox=\"yes\" data-elementor-lightbox-slideshow=\"017f417\" data-elementor-lightbox-title=\"MAIN (0-15-02-15)\" e-action-hash=\"#elementor-action%3Aaction%3Dlightbox%26settings%3DeyJpZCI6MTg5MSwidXJsIjoiaHR0cHM6XC9cL2Nhcm1lbnJlYm9sbGVkby5jb21cL3dwLWNvbnRlbnRcL3VwbG9hZHNcLzIwMjJcLzEwXC9NQUlOLTAtMTUtMDItMTUuanBnIiwic2xpZGVzaG93IjoiMDE3ZjQxNyJ9\" href=\"https:\/\/carmenrebolledo.com\/wp-content\/uploads\/2022\/10\/MAIN-0-15-02-15.jpg\"><figure class=\"swiper-slide-inner\"><img class=\"swiper-slide-image\" src=\"https:\/\/carmenrebolledo.com\/wp-content\/uploads\/2022\/10\/MAIN-0-15-02-15-330x190.jpg\" alt=\"MAIN (0-15-02-15)\" \/><\/figure><\/a><\/div>\t\t\t<\/div>\n\t\t\t\t\t\t\t\t\t\t\t\t<div class=\"swiper-pagination\"><\/div>\n\t\t\t\t\t\t\t\t\t\t\t\t\t<div class=\"elementor-swiper-button elementor-swiper-button-prev\">\n\t\t\t\t\t\t<i aria-hidden=\"true\" class=\"fas fa-chevron-circle-left\"><\/i>\t\t\t\t\t\t<span class=\"elementor-screen-only\">Previous<\/span>\n\t\t\t\t\t<\/div>\n\t\t\t\t\t<div class=\"elementor-swiper-button elementor-swiper-button-next\">\n\t\t\t\t\t\t<i aria-hidden=\"true\" class=\"fas fa-chevron-circle-right\"><\/i>\t\t\t\t\t\t<span class=\"elementor-screen-only\">Next<\/span>\n\t\t\t\t\t<\/div>\n\t\t\t\t\t\t\t\t\t<\/div>\n\t\t\t\t<\/div>\n\t\t\t\t<\/div>\n\t\t\t\t\t<\/div>\n\t\t<\/div>\n\t\t\t\t\t\t\t<\/div>\n\t\t<\/section>\n\t\t\t\t\t\t\t<\/div>\n\t\t","protected":false},"excerpt":{"rendered":"<p>Multim\u00e9dias &#8211; Afrique des routes Le projet Dans le cadre de l&#8217;exposition l&#8217;Afrique des Routes au Quai Branly, j&#8217;ai travaill\u00e9 sur une s\u00e9rie d&#8217;audiovisuels et de cartes anim\u00e9es interactives servant de supports de m\u00e9diation sur divers sujets (cultures, colonisations, g\u00e9ographies&#8230;) Trois cartes anim\u00e9es construites \u00e0 partir de donn\u00e9es scientifiques fournies par le mus\u00e9e, un audiovisuel &hellip; <\/p>\n","protected":false},"author":1,"featured_media":0,"parent":0,"menu_order":0,"comment_status":"closed","ping_status":"closed","template":"elementor_header_footer","meta":{"_monsterinsights_skip_tracking":false,"_monsterinsights_sitenote_active":false,"_monsterinsights_sitenote_note":"","_monsterinsights_sitenote_category":0},"aioseo_notices":[],"_links":{"self":[{"href":"https:\/\/carmenrebolledo.com\/index.php?rest_route=\/wp\/v2\/pages\/1856"}],"collection":[{"href":"https:\/\/carmenrebolledo.com\/index.php?rest_route=\/wp\/v2\/pages"}],"about":[{"href":"https:\/\/carmenrebolledo.com\/index.php?rest_route=\/wp\/v2\/types\/page"}],"author":[{"embeddable":true,"href":"https:\/\/carmenrebolledo.com\/index.php?rest_route=\/wp\/v2\/users\/1"}],"replies":[{"embeddable":true,"href":"https:\/\/carmenrebolledo.com\/index.php?rest_route=%2Fwp%2Fv2%2Fcomments&post=1856"}],"version-history":[{"count":32,"href":"https:\/\/carmenrebolledo.com\/index.php?rest_route=\/wp\/v2\/pages\/1856\/revisions"}],"predecessor-version":[{"id":1900,"href":"https:\/\/carmenrebolledo.com\/index.php?rest_route=\/wp\/v2\/pages\/1856\/revisions\/1900"}],"wp:attachment":[{"href":"https:\/\/carmenrebolledo.com\/index.php?rest_route=%2Fwp%2Fv2%2Fmedia&parent=1856"}],"curies":[{"name":"wp","href":"https:\/\/api.w.org\/{rel}","templated":true}]}}